?
90
What is the greatest common divisor of 108193525 and 550?
275
What is the highest common divisor of 106426290 and 6923?
989
What is the highest common factor of 52896 and 2349?
87
Calculate the greatest common divisor of 2773 and 11349122.
59
Calculate the greatest common factor of 4980 and 2899060.
20
What is the greatest common factor of 64497700 and 400?
100
Calculate the highest common factor of 302 and 86972074.
302
Calculate the highest common factor of 45346149 and 837.
837
What is the highest common factor of 738764 and 325?
13
Calculate the greatest common factor of 6253396 and 21111.
227
What is the highest common divisor of 414710 and 12430?
1130
What is the highest common divisor of 3065921 and 2867?
61
What is the greatest common factor of 2336 and 17518321?
73
What is the greatest common factor of 215952 and 2170972?
1636
Calculate the highest common factor of 2911233 and 9.
3
What is the greatest common divisor of 168 and 14472048?
24
What is the highest common divisor of 30 and 11998010?
10
Calculate the highest common divisor of 10719 and 864.
27
What is the greatest common factor of 8712 and 34548888?
2904
What is the greatest common divisor of 2940076 and 4?
4
Calculate the highest common divisor of 550564 and 22738855.
2809
Calculate the greatest common divisor of 714 and 35034.
6
What is the highest common divisor of 242904 and 34626?
174
Calculate the greatest common factor of 202854 and 288.
6
Calculate the greatest common divisor of 54 and 554189028.
6
Calculate the greatest common factor of 13900 and 85825.
25
Calculate the highest common factor of 220 and 9649660.
20
Calculate the greatest common divisor of 49638280 and 4280.
40
Calculate the greatest common factor of 246483 and 2212261.
3043
What is the greatest common factor of 914795 and 12847?
443
Calculate the highest common factor of 372 and 791771.
31
Calculate the highest common factor of 18466156 and 6.
2
Calculate the highest common divisor of 58495294 and 110.
22
Calculate the greatest common factor of 142041280 and 10.
10
Calculate the greatest common divisor of 12177 and 335232.
27
What is the greatest common factor of 4085 and 65873?
19
What is the highest common divisor of 2525 and 5299975?
2525
What is the greatest common factor of 2528 and 11774002?
158
Calculate the greatest common factor of 1051951 and 14237.
23
What is the greatest common divisor of 2824 and 201166228?
1412
Calculate the highest common divisor of 2997 and 595809.
27
What is the highest common divisor of 143348784 and 192?
48
What is the greatest common divisor of 14739587 and 12191?
167
Calculate the highest common factor of 2654721 and 17523.
27
Calculate the greatest common factor of 1116225963 and 2412.
603
What is the greatest common factor of 264 and 26984892?
132
What is the highest common factor of 36981196 and 25340?
5068
What is the greatest common factor of 11486652 and 24?
12
Calculate the highest common divisor of 9046695 and 2523.
87
What is the highest common factor of 25456 and 1794992?
688
Calculate the greatest common factor of 5474 and 236348.
322
Calculate the highest common divisor of 59873 and 74008471.
5443
What is the greatest common factor of 4 and 16700348?
4
Calculate the highest common divisor of 2331268 and 1559416.
1964
What is the highest common factor of 452 and 1804949?
113
Calculate the highest common factor of 380 and 188594.
38
What is the greatest common divisor of 3966 and 39309?
3
What is the highest common factor of 806 and 213466?
62
Calculate the highest common factor of 403336 and 1688.
8
Calculate the greatest common factor of 189 and 16368993.
27
What is the highest common factor of 174951522 and 34?
34
Calculate the highest common divisor of 2461 and 14030552.
23
Calculate the highest common divisor of 104 and 12293450.
26
What is the highest common divisor of 17627977 and 359?
359
Calculate the highest common factor of 4321227 and 798.
57
Calculate the greatest common factor of 17033070 and 34722.
3858
Calculate the greatest common divisor of 19116 and 123174.
54
Calculate the greatest common factor of 7272 and 746880.
24
Calculate the highest common factor of 50 and 4918675.
25
What is the highest common divisor of 1784071 and 9609?
3203
What is the highest common divisor of 636 and 6970632?
12
Calculate the greatest common divisor of 16 and 35250288.
16
Calculate the highest common divisor of 267 and 340265067.
267
What is the greatest common factor of 35032 and 785200?
1208
What is the greatest common factor of 1848065 and 30535?
155
Calculate the highest common factor of 20034 and 7417774.
742
Calculate the greatest common divisor of 93111 and 113406.
123
What is the highest common factor of 151 and 42539267?
151
Calculate the greatest common factor of 15585361 and 341.
11
What is the highest common divisor of 136407240 and 45?
45
What is the highest common divisor of 5598 and 4535028?
18
What is the highest common divisor of 372088 and 72?
8
Calculate the greatest common factor of 1356 and 2312468.
4
Calculate the highest common divisor of 290086760 and 120.
40
Calculate the greatest common factor of 947310 and 514410.
390
Calculate the greatest common divisor of 54060 and 658366.
106
Calculate the greatest common factor of 13404 and 11028.
12
What is the highest common divisor of 784 and 309244?
4
What is the highest common factor of 117607 and 18703?
317
What is the highest common factor of 893 and 353064?
47
What is the highest common divisor of 6760800 and 45?
45
Calculate the highest common factor of 49746900 and 15960.
420
Calculate the greatest common divisor of 1300 and 655660.
20
What is the highest common factor of 15917824 and 20?
4
What is the greatest common factor of 415350718 and 56604?
9434
What is the greatest common factor of 147096 and 154587?
681
What is the highest common divisor of 298490 and 5795?
95
Calculate the greatest common factor of 102 and 62427128.
34
What is the greatest common factor of 324694 and 6262?
62
What is the highest common divisor of 45 and 9866007?
9
What is the greatest common divisor of 554168 and 128684?
212
Calculate the greatest common factor of 3192 and 65531760.
3192
What is the greatest common factor of 94062686 and 184?
46
Calculate the highest common factor of 8794743 and 2001.
87
What is the greatest common divisor of 33957624 and 166?
166
Calculate the greatest common divisor of 384 and 9259824.
48
What is the greatest common divisor of 763332 and 384?
12
Calculate the highest common divisor of 19294 and 8998.
22
Calculate the highest common factor of 1736 and 941710.
14
What is the highest common factor of 4005261 and 26?
13
Calculate the highest common factor of 1209977 and 121733.
817
Calculate the greatest common divisor of 9593 and 740833.
181
What is the greatest common divisor of 49185 and 531?
9
Calculate the highest common divisor of 350497 and 2.
1
Calculate the highest common factor of 2848840 and 1675.
335
What is the greatest common factor of 372419 and 19703?
323
Calculate the highest common factor of 120 and 1896138.
6
What is the greatest common divisor of 123975934 and 138?
46
Calculate the greatest common factor of 14045423 and 7.
7
What is the greatest common factor of 32874455 and 5?
5
Calculate the highest common factor of 34694730 and 1620.
810
What is the highest common factor of 4968 and 1399872?
552
Calculate the highest common divisor of 912 and 47467320.
456
What is the greatest common divisor of 88249 and 611471?
49
Calculate the greatest common factor of 1763 and 3774296.
41
What is the highest common divisor of 24 and 3277284?
12
What is the greatest common factor of 863 and 190546085?
863
Calculate the greatest common factor of 8936529 and 21.
21
Calculate the greatest common divisor of 821475 and 669.
3
What is the greatest common divisor of 3539 and 2402?
1
What is the highest common factor of 111643 and 8323?
287
What is the highest common divisor of 1943168 and 470?
94
Calculate the highest common divisor of 45505768 and 6944.
1736
What is the highest common factor of 133 and 2658727?
19
Calculate the greatest common factor of 25789 and 82943.
697
What is the highest common divisor of 657 and 1800909?
9
What is the highest common f